ase 11) in base 15?
-1a7
-192 (base 15) to base 6
-1402
Convert -1547 (base 16) to base 14.
-1db1
Convert 632 (base 7) to base 8.
475
What is a46 (base 11) in base 13?
75c
What is 2201210001 (base 3) in base 12?
27161
Convert -10011000010 (base 2) to base 5.
-14333
Convert 831 (base 13) to base 7.
4026
2c96 (base 13) to base 11
4a10
Convert 201143 (base 6) to base 16.
3dd7
Convert 1100121120 (base 3) to base 13.
c1c2
5532 (base 6) to base 4
110000
What is 1000010 (base 2) in base 4?
1002
Convert 40346 (base 8) to base 14.
60aa
10432 (base 6) to base 13
884
10491 (base 10) to base 7
42405
6ba (base 16) to base 11
1326
What is -1a83 (base 15) in base 5?
-140443
Convert -405 (base 7) to base 6.
-533
What is -102022 (base 3) in base 10?
-305
What is 263 (base 12) in base 9?
443
What is 3425 (base 8) in base 4?
130111
What is 2a3 (base 12) in base 3?
120020
1096a (base 12) to base 11
15684
Convert 554 (base 8) to base 9.
444
Convert 45b6 (base 13) to base 8.
23066
Convert 2b92 (base 15) to base 7.
36203
Convert 941a (base 11) to base 8.
30304
Convert -1639 (base 10) to base 7.
-4531
What is 5132 (base 7) in base 12?
104b
What is -7725 (base 11) in base 12?
-5a93
-10000000110000110 (base 2) to base 12
-3219a
What is 121001110 (base 3) in base 10?
11703
-194a (base 12) to base 9
-4204
1800 (base 12) to base 5
43010
What is -16164 (base 9) in base 16?
-2b42
-161 (base 8) to base 16
-71
What is -1880 (base 10) in base 6?
-12412
-14103 (base 5) to base 8
-2201
-7a4 (base 11) to base 15
-441
Convert -49c5 (base 16) to base 8.
-44705
11a5a (base 15) to base 11
39364
What is 415613 (base 7) in base 10?
71648
-3201 (base 6) to base 5
-10341
-21102021 (base 3) to base 6
-41011
Convert -1d7 (base 14) to base 8.
-601
Convert 3151 (base 7) to base 12.
78a
-984 (base 14) to base 6
-12412
110540 (base 7) to base 2
100110000011001
What is 6286 (base 13) in base 12?
7a7a
-2533 (base 9) to base 11
-1471
What is -4512 (base 6) in base 8?
-2034
What is 6635 (base 7) in base 16?
94a
-21104 (base 9) to base 3
-201010011
Convert -309 (base 14) to base 8.
-1125
-5277 (base 14) to base 16
-3789
-10101001110 (base 2) to base 3
-1212022
What is 122101 (base 3) in base 14?
257
Convert 115 (base 11) to base 7.
254
What is -424615 (base 7) in base 10?
-73708
-32402 (base 9) to base 7
-116405
What is -11356 (base 11) in base 12?
-95a4
Convert 86 (base 12) to base 10.
102
Convert -183c (base 16) to base 3.
-22111210
111100222 (base 3) to base 16
2612
124334 (base 5) to base 8
11551
Convert 10605 (base 9) to base 7.
26363
Convert -2120020102 (base 3) to base 5.
-3103344
What is 105 (base 12) in base 4?
2111
-132 (base 15) to base 13
-17c
-11000011011 (base 2) to base 5
-22223
What is 11011 (base 2) in base 12?
23
-1025 (base 6) to base 13
-14c
Convert 32ac (base 15) to base 12.
6269
Convert -5a68 (base 11) to base 9.
-11801
Convert 152 (base 6) to base 12.
58
-75 (base 11) to base 2
-1010010
Convert 2761 (base 15) to base 8.
20340
What is 22013320 (base 4) in base 13?
15b47
1686 (base 10) to base 13
9c9
What is 11120 (base 5) in base 6?
3345
1002121 (base 3) to base 5
11144
Convert -2362 (base 11) to base 12.
-1959
Convert -21232 (base 4) to base 6.
-2514
585 (base 9) to base 15
222
Convert -20231 (base 4) to base 15.
-272
1111010110111001 (base 2) to base 8
172671
What is -1d (base 15) in base 9?
-31
Convert -40205 (base 6) to base 15.
-185b
278 (base 16) to base 2
1001111000
-b8 (base 16) to base 7
-352
1565 (base 16) to base 9
7455
-2133112 (base 4) to base 13
-4846
-330302 (base 4) to base 7
-14225
321303 (base 4) to base 11
2863
-8bb (base 16) to base 14
-b59
Convert 62550 (base 10) to base 4.
33101112
What is -345 (base 14) in base 15?
-2d4
What is -22111021 (base 3) in base 10?
-6190
Convert 1167 (base 12) to base 2.
11110011111
What is 2252 (base 6) in base 16?
218
Convert -6757 (base 8) to base 6.
-24303
Convert 20112 (base 3) to base 9.
215
Convert 427 (base 9) to base 15.
184
b434 (base 14) to base 9
46480
-2355 (base 8) to base 2
-10011101101
3a8 (base 11) to base 10
481
Convert 1741a (base 11) to base 10.
24463
Convert -4770 (base 9) to base 11.
-2734
Convert 5299 (base 11) to base 4.
1231131
What is 4e (base 15) in base 9?
82
9b61 (base 14) to base 5
1330222
25507 (base 11) to base 2
1000111011000101
What is -44831 (base 10) in base 15?
-d43b
What is a317 (base 12) in base 13?
80bc
Convert -22012 (base 3) to base 13.
-140
1723 (base 9) to base 13
7a4
3 (base 5) to base 15
3
Convert -4653 (base 15) to base 5.
-434203
Convert -8a3d (base 16) to base 2.
-1000101000111101
Convert -372 (base 11) to base 4.
-12322
What is 30355 (base 6) in base 15?
12db
Convert -3537 (base 8) to base 10.
-1887
What is -1112 (base 15) in base 2?
-111000100001
Convert a23 (base 13) to base 3.
2100200
What is -1b4 (base 13) in base 11?
-268
Convert 34629 (base 10) to base 5.
2102004
What is -31321210 (base 4) in base 12?
-28b44
What is 1234 (base 9) in base 12?
64a
-32512 (base 12) to base 14
-1a2aa
What is 1000010010111 (base 2) in base 3?
12211022
What is 90a (base 14) in base 11?
1373
Convert -10001101111000 (base 2) to base 7.
-35321
Convert -14240 (base 6) to base 8.
-4320
Convert -2435 (base 9) to base 4.
-130112
Convert -22110111 (base 3) to base 14.
-2369
-5dcf (base 16) to base 7
-130005
Convert 34204 (base 5) to base 7.
10040
What is 4826 (base 15) in base 10?
15336
1465 (base 8) to base 3
1010102
-10a7 (base 14) to base 13
-1415
Convert -18068 (base 9) to base 7.
-51212
Convert -303 (base 12) to base 14.
-231
What is -2212000 (base 3) in base 9?
-2760
Convert 31e7 (base 15) to base 14.
3bcb
Convert -1c6 (base 14) to base 5.
-2440
What is 51e (base 15) in base 3?
1120202
Convert 2340 (base 5) to base 2.
101011001
45411 (base 7) to base 2
10110100000011
Convert 4614 (base 10) to base 11.
3515
What is 523 (base 14) in base 7?
2643
What is 7103 (base 11) in base 4?
2103201
31216 (base 7) to base 6
55241
What is -1323002 (base 4) in base 11?
-5a09
What is 648 (base 15) in base 2?
10110001010
What is 21 (base 4) in base 15?
9
Convert -341 (base 9) to base 8.
-430
What is -14354 (base 6) in base 7?
-6466
What is -cc2 (base 15) in base 14?
-109c
What is -a (base 12) in base 16?
-a
Convert -43882 (base 10) to base 6.
-535054
-454 (base 7) to base 10
-235
Convert -2002222 (base 3) to base 2.
-11000000010
-132 (base 15) to base 11
-228
49920 (base 10) to base 15
ebd0
What is -b06 (base 14) in base 11?
-1696
What is -1101011110110 (base 2) in base 15?
-20a2
13642 (base 13) to base 9
54614
What is 110010101 (base 2) in base 13?
252
Convert -1101011 (base 2) to base 11.
-98
3031002 (base 4) to base 14
4ad4
Convert -11101111 (base 2) to base 14.
-131
What is 2001 (base 9) in base 4?
112303
Convert 20d (base 14) to base 13.
252
Convert 40414 (base 6) to base 8.
12332
What is -3c0 (base 14) in base 5?
-11011
Convert 1030 (base 4) to base 2.
1001100
What is 1111011 (base 3) in base 7?
3106
Convert 999 (base 15) to base 10.
2169
-12414 (base 6) to base 7
-5326
What is 42055 (base 10) in base 8?
122107
Convert 1213 (base 7) to base 6.
2031
145 (base 11) to base 15
b5
Convert 10400 (base 8) to base 7.
15455
Convert -312012 (base 4) to base 3.
-11202020
Convert -1212020 (base 3) to base 10.
-1356
Convert 2c95 (base 15) to base 6.
112222
What is 1087 (base 13) in base 14?
bac
-1100110100010010 (base 2) to base 7
-306025
Convert -154 (base 6) to base 3.
-2121
-1112311 (base 4) to base 14
-204d
275 (base 9) to base 14
126
Convert -a686 (base 11) to base 13.
-657c
What is 10120120 (base 3) in base 4?
220233
102103 (base 4) to base 8
2223
Convert -1575 (base 9) to base 8.
-2262
What is da (base 14) in base 3?
21010
365 (base 10) to base 6
1405
Convert 45a (base 13) to base 5.
11001
What is -371 (base 11) in base 8?
-671
-3025 (base 12) to base 5
-131323
What is -13123 (base 6) in base 9?
-2656
What is -115364 (base 7) in base 8?
-51174
What is -563 (base 9) in base 14?
-250
What is -3484 (base 15) in base 10?
-11149
Convert -4517 (base 8) to base 7.
-6643
Convert 25d (base 16) to base 10.
605
What is 6685 (base 15) in base 4?
11103131
What is -492 (base 11) in base 12?
-409
213113 (base 4) to base 12
155b
-4205 (base 6) to base 14
-4b3
38507 (base 11) to base 14
16179
Convert -3c2 (base 14) to base 7.
-